{"id":3314,"date":"2024-04-02T23:35:46","date_gmt":"2024-04-02T21:35:46","guid":{"rendered":"https:\/\/www.musica.at\/schmuck\/?post_type=product&#038;p=3314"},"modified":"2024-04-02T23:43:30","modified_gmt":"2024-04-02T21:43:30","slug":"kreative-band-dekoration-musikgruppe","status":"publish","type":"product","link":"https:\/\/www.musica.at\/schmuck\/shop\/skulpturen-figuren\/kreative-band-dekoration-musikgruppe\/","title":{"rendered":"Kreative Band Dekoration Musikgruppe"},"content":{"rendered":"<h2><strong style=\"color: #e74c3c;\">Kreative Band, Musiker, Musikgruppe<br \/>\nDekoration Musikinstrumente, Modell, Figuren f\u00fcr Wohnzimmer, Veranda, Kunsthandwerk Statue Skulptur Deko<\/strong><\/h2>\n<ul>\n<li>Material: aus hochwertigen Materialien, ungiftig, geruchlos, feine Kunstwerke, starke Struktur, hohe Qualit\u00e4t.<\/li>\n<li>Das Dekorationdesign ist sehenswert und verleiht Ihrer Wohnkultur einen verspielten und fr\u00f6hlichen Charakter.<\/li>\n<li>Heimdekoration: Exquisite Verarbeitung, lebensechte Statuen, Versch\u00f6nern Sie Ihr Heim!<\/li>\n<li>Moderne einfache Schreibtischdekoration, geeignet f\u00fcr Zuhause, Zimmer, B\u00fcro, Theken, als Dekoration und f\u00fcr Ihre, Kunstsammlung.<\/li>\n<li>Ein ideales Geschenk f\u00fcr Musiker: Exquisite Verarbeitung, ist die beste Wahl f\u00fcr Geschenke an Verwandte und Freunde.<\/li>\n<\/ul>\n<p>Material: Kunstharz<br \/>\nStil: Modern und einfach<br \/>\nFarbe: Wie gezeigt<br \/>\nFunktion: Heimdekoration, Geschenk<\/p>\n<p><img decoding=\"async\" src=\"https:\/\/ae01.alicdn.com\/kf\/S0197101c4afd421cbc45185607bf198cq.jpg?width=790&amp;height=1060&amp;hash=1850\" alt=\"hmqViviiyNSAyin7Wuaet7t94SIXxPC9b5Jt\" \/> <img decoding=\"async\" src=\"https:\/\/ae01.alicdn.com\/kf\/Se253a1d99eca421caab17d8739b21b8cK.jpg?width=790&amp;height=577&amp;hash=1367\" \/> <img decoding=\"async\" src=\"https:\/\/ae01.alicdn.com\/kf\/Seaba7196bdec4ce78f6b569d944db42ft.jpg?width=790&amp;height=936&amp;hash=1726\" \/> <img decoding=\"async\" src=\"https:\/\/ae01.alicdn.com\/kf\/S2fbbf0b9291746c59d4f64dee9591ae7x.jpg?width=790&amp;height=1527&amp;hash=2317\" \/> <img decoding=\"async\" src=\"https:\/\/ae01.alicdn.com\/kf\/Se4333ab05c0d4c60bf347d069eb0dc3fp.jpg?width=790&amp;height=1633&amp;hash=2423\" \/> <img decoding=\"async\" src=\"https:\/\/ae01.alicdn.com\/kf\/S99ac0673f13b4fdfbe372d732c8f823fc.jpg?width=790&amp;height=1492&amp;hash=2282\" \/> <img decoding=\"async\" src=\"https:\/\/ae01.alicdn.com\/kf\/S68e97af9a1d94d13937158be6162c75aG.jpg?width=790&amp;height=705&amp;hash=1495\" \/> <img decoding=\"async\" src=\"https:\/\/ae01.alicdn.com\/kf\/S1ed51839d4c94abda67e42f990e322e0u.jpg?width=790&amp;height=832&amp;hash=1622\" \/> <img decoding=\"async\" src=\"https:\/\/ae01.alicdn.com\/kf\/Se58f4ce8664f4a69a161eafa5bf6c376g.jpg?width=790&amp;height=684&amp;hash=1474\" \/> <img decoding=\"async\" src=\"https:\/\/ae01.alicdn.com\/kf\/S5294f463b28e4fa3bc6d170cc67d8eec3.jpg?width=790&amp;height=1445&amp;hash=2235\" \/> <img decoding=\"async\" src=\"https:\/\/ae01.alicdn.com\/kf\/S7e171a0ec8e44d9e84d2b131db83c0a94.jpg?width=790&amp;height=998&amp;hash=1788\" \/> <img decoding=\"async\" src=\"https:\/\/ae01.alicdn.com\/kf\/Se50102f7c2d3475abb24285e06cfc89bk.jpg?width=790&amp;height=1041&amp;hash=1831\" \/> <img decoding=\"async\" src=\"https:\/\/ae01.alicdn.com\/kf\/Scc496a614f4247b3b24adb614f8c5460y.jpg?width=790&amp;height=487&amp;hash=1277\" \/><\/p>\n","protected":false},"excerpt":{"rendered":"<p>Kreative Band Dekoration Musiker Musikinstrument Modell Wohnzimmer Veranda Studie Kunsthandwerk Statue Skulptur Figuren<\/p>\n","protected":false},"featured_media":3308,"template":"","meta":[],"product_brand":[],"product_cat":[135],"product_tag":[212,160,215,213,138,216,214],"class_list":{"0":"post-3314","1":"product","2":"type-product","3":"status-publish","4":"has-post-thumbnail","6":"product_cat-skulpturen-figuren","7":"product_tag-band","8":"product_tag-bassist","9":"product_tag-keyboarder","10":"product_tag-musikgruppe","11":"product_tag-sanger","12":"product_tag-saxophonist","13":"product_tag-trompeter","15":"first","16":"instock","17":"shipping-taxable","18":"product-type-variable"},"_links":{"self":[{"href":"https:\/\/www.musica.at\/schmuck\/wp-json\/wp\/v2\/product\/3314","targetHints":{"allow":["GET"]}}],"collection":[{"href":"https:\/\/www.musica.at\/schmuck\/wp-json\/wp\/v2\/product"}],"about":[{"href":"https:\/\/www.musica.at\/schmuck\/wp-json\/wp\/v2\/types\/product"}],"wp:featuredmedia":[{"embeddable":true,"href":"https:\/\/www.musica.at\/schmuck\/wp-json\/wp\/v2\/media\/3308"}],"wp:attachment":[{"href":"https:\/\/www.musica.at\/schmuck\/wp-json\/wp\/v2\/media?parent=3314"}],"wp:term":[{"taxonomy":"product_brand","embeddable":true,"href":"https:\/\/www.musica.at\/schmuck\/wp-json\/wp\/v2\/product_brand?post=3314"},{"taxonomy":"product_cat","embeddable":true,"href":"https:\/\/www.musica.at\/schmuck\/wp-json\/wp\/v2\/product_cat?post=3314"},{"taxonomy":"product_tag","embeddable":true,"href":"https:\/\/www.musica.at\/schmuck\/wp-json\/wp\/v2\/product_tag?post=3314"}],"curies":[{"name":"wp","href":"https:\/\/api.w.org\/{rel}","templated":true}]}}