{"id":2626,"date":"2021-02-24T10:30:36","date_gmt":"2021-02-24T09:30:36","guid":{"rendered":"https:\/\/www.musica.at\/schmuck\/?post_type=product&#038;p=2626"},"modified":"2021-04-28T03:32:15","modified_gmt":"2021-04-28T01:32:15","slug":"panflote-anhanger-mit-lederband","status":"publish","type":"product","link":"https:\/\/www.musica.at\/schmuck\/shop\/anhaenger\/panflote-anhanger-mit-lederband\/","title":{"rendered":"Panfl\u00f6te Anh\u00e4nger mit Lederband"},"content":{"rendered":"<p>Panfl\u00f6te Anh\u00e4nger mit Lederband<\/p>\n<p><img decoding=\"async\" src=\"https:\/\/ae01.alicdn.com\/kf\/UTB8cULocarFXKJk43Ovq6ybnpXaZ.jpg?size=351410&amp;height=800&amp;width=800&amp;hash=0acb4c7e237f6479ceab7db8b68f6e82\" alt=\"Panfl\u00f6te Anh\u00e4nger mit Lederband\" \/> <img decoding=\"async\" src=\"https:\/\/ae01.alicdn.com\/kf\/UTB8ZvV2Xv2JXKJkSanrq6y3lVXaD.jpg?size=64548&amp;height=800&amp;width=800&amp;hash=35729978b7589c3b59f13a68737eee5f\" alt=\"Panfl\u00f6te Anh\u00e4nger mit Lederband\" \/> <img decoding=\"async\" src=\"https:\/\/ae01.alicdn.com\/kf\/UTB86s43XuvJXKJkSajhq6A7aFXaz.jpg?size=284751&amp;height=800&amp;width=800&amp;hash=76f18e6506a3b24c7270dd34784d982e\" alt=\"Panfl\u00f6te Anh\u00e4nger mit Lederband\" \/> <img decoding=\"async\" src=\"https:\/\/ae01.alicdn.com\/kf\/UTB8nIHociDEXKJk43Oqq6Az3XXai.jpg?size=288031&amp;height=800&amp;width=800&amp;hash=e0f2a91a8412b500bdea0993801b99d6\" alt=\"Panfl\u00f6te Anh\u00e4nger mit Lederband\" \/> <img decoding=\"async\" src=\"https:\/\/ae01.alicdn.com\/kf\/UTB8Sf82Xv2JXKJkSanrq6y3lVXaj.jpg?size=290015&amp;height=800&amp;width=800&amp;hash=841ab36e1b3f1b2834ea9033d575a420\" alt=\"Panfl\u00f6te Anh\u00e4nger mit Lederband\" \/><\/p>\n<p>&nbsp;<\/p>\n","protected":false},"excerpt":{"rendered":"<p>Panfl\u00f6te New fashion Panflute Magic Flute Necklace men and women Pendants Jewelry<\/p>\n","protected":false},"featured_media":2816,"template":"","meta":[],"product_brand":[],"product_cat":[19],"product_tag":[28,79,155],"class_list":{"0":"post-2626","1":"product","2":"type-product","3":"status-publish","4":"has-post-thumbnail","6":"product_cat-anhaenger","7":"product_tag-anhanger","8":"product_tag-flote","9":"product_tag-panflote","11":"first","12":"instock","13":"shipping-taxable","14":"product-type-external"},"_links":{"self":[{"href":"https:\/\/www.musica.at\/schmuck\/wp-json\/wp\/v2\/product\/2626","targetHints":{"allow":["GET"]}}],"collection":[{"href":"https:\/\/www.musica.at\/schmuck\/wp-json\/wp\/v2\/product"}],"about":[{"href":"https:\/\/www.musica.at\/schmuck\/wp-json\/wp\/v2\/types\/product"}],"wp:featuredmedia":[{"embeddable":true,"href":"https:\/\/www.musica.at\/schmuck\/wp-json\/wp\/v2\/media\/2816"}],"wp:attachment":[{"href":"https:\/\/www.musica.at\/schmuck\/wp-json\/wp\/v2\/media?parent=2626"}],"wp:term":[{"taxonomy":"product_brand","embeddable":true,"href":"https:\/\/www.musica.at\/schmuck\/wp-json\/wp\/v2\/product_brand?post=2626"},{"taxonomy":"product_cat","embeddable":true,"href":"https:\/\/www.musica.at\/schmuck\/wp-json\/wp\/v2\/product_cat?post=2626"},{"taxonomy":"product_tag","embeddable":true,"href":"https:\/\/www.musica.at\/schmuck\/wp-json\/wp\/v2\/product_tag?post=2626"}],"curies":[{"name":"wp","href":"https:\/\/api.w.org\/{rel}","templated":true}]}}