{"id":234,"date":"2021-02-04T01:06:04","date_gmt":"2021-02-04T00:06:04","guid":{"rendered":"https:\/\/www.musica.at\/schmuck\/shop\/?post_type=product&#038;p=234"},"modified":"2021-02-05T09:05:47","modified_gmt":"2021-02-05T08:05:47","slug":"musik-ohrringe","status":"publish","type":"product","link":"https:\/\/www.musica.at\/schmuck\/shop\/ohrringe\/musik-ohrringe\/","title":{"rendered":"Musik Ohrringe"},"content":{"rendered":"<p><img decoding=\"async\" src=\"\/\/ae01.alicdn.com\/kf\/H6cc194bd24614b4cadb50687ed272e4cZ.jpg\" \/><img decoding=\"async\" src=\"\/\/ae01.alicdn.com\/kf\/Hea4ae4c42bd243839a991b8f7b8ff42bZ.jpg\" \/><img decoding=\"async\" src=\"\/\/ae01.alicdn.com\/kf\/H79455eeca0244e1780e77e4d669a02a86.jpg\" \/><img decoding=\"async\" src=\"\/\/ae01.alicdn.com\/kf\/Hf9b49d1c620e4d178dd843e5bc5223a8H.jpg\" \/><img decoding=\"async\" src=\"\/\/ae01.alicdn.com\/kf\/H43a1e65e880d4f198d4f30d31afb1394a.jpg\" \/><img decoding=\"async\" src=\"\/\/ae01.alicdn.com\/kf\/H4425f6b04d53418bbedeff2777fe1fa46.jpg\" \/><img decoding=\"async\" src=\"\/\/ae01.alicdn.com\/kf\/Hb88b59d2f1c6442db812937a85b85291D.jpg\" \/><img decoding=\"async\" src=\"\/\/ae01.alicdn.com\/kf\/H685c9581e7324b79b2c5f68167876deb9.jpg\" \/><img decoding=\"async\" src=\"\/\/ae01.alicdn.com\/kf\/H4779cb95ba7a454d96ee425b1f4baff3O.jpg\" \/><img decoding=\"async\" src=\"\/\/ae01.alicdn.com\/kf\/H3ddfc4f7f6294b37a312b830c9110897W.jpg\" \/><img decoding=\"async\" src=\"\/\/ae01.alicdn.com\/kf\/Hb799e3e9c7f94341813bcf063574bf27S.jpg\" \/><img decoding=\"async\" src=\"\/\/ae01.alicdn.com\/kf\/Hc53f5be078b740baaa932c6e1296b5a6Y.jpg\" \/><img decoding=\"async\" src=\"\/\/ae01.alicdn.com\/kf\/H691db9dfa8774bc4b3cf7c1407cce71fs.jpg\" \/><\/p>\n","protected":false},"excerpt":{"rendered":"<p>Farbige Noten, Violinschl\u00fcssel, Musiknoten, Herz (Bassschl\u00fcssel mit Violinschl\u00fcssel), CD, Musikkassette, verschiedene Farben<br \/>\nMusic Acrylic Earrings For Women Heart Note Black Round Record Magnetic Tape Colorful Harajuku Earrings Fashion Jewelry Gifts<br \/>\nVerk\u00e4ufer: <a href=\"https:\/\/www.musica.at\/ali\/store.php?s=4298007\" title=\"Lovers Jewellry Store\" rel=\"nofollow\">Lovers Jewellry Store<\/a><\/p>\n","protected":false},"featured_media":230,"template":"","meta":[],"product_brand":[],"product_cat":[23],"product_tag":[71,69,70,67,31,122,65,27],"class_list":{"0":"post-234","1":"product","2":"type-product","3":"status-publish","4":"has-post-thumbnail","6":"product_cat-ohrringe","7":"product_tag-bassschlussel","8":"product_tag-cd","9":"product_tag-herz","10":"product_tag-musik","11":"product_tag-musiknoten","12":"product_tag-notenschlussel","13":"product_tag-ohrring","14":"product_tag-violinschlussel","16":"first","17":"instock","18":"shipping-taxable","19":"product-type-external"},"_links":{"self":[{"href":"https:\/\/www.musica.at\/schmuck\/wp-json\/wp\/v2\/product\/234","targetHints":{"allow":["GET"]}}],"collection":[{"href":"https:\/\/www.musica.at\/schmuck\/wp-json\/wp\/v2\/product"}],"about":[{"href":"https:\/\/www.musica.at\/schmuck\/wp-json\/wp\/v2\/types\/product"}],"wp:featuredmedia":[{"embeddable":true,"href":"https:\/\/www.musica.at\/schmuck\/wp-json\/wp\/v2\/media\/230"}],"wp:attachment":[{"href":"https:\/\/www.musica.at\/schmuck\/wp-json\/wp\/v2\/media?parent=234"}],"wp:term":[{"taxonomy":"product_brand","embeddable":true,"href":"https:\/\/www.musica.at\/schmuck\/wp-json\/wp\/v2\/product_brand?post=234"},{"taxonomy":"product_cat","embeddable":true,"href":"https:\/\/www.musica.at\/schmuck\/wp-json\/wp\/v2\/product_cat?post=234"},{"taxonomy":"product_tag","embeddable":true,"href":"https:\/\/www.musica.at\/schmuck\/wp-json\/wp\/v2\/product_tag?post=234"}],"curies":[{"name":"wp","href":"https:\/\/api.w.org\/{rel}","templated":true}]}}