{"id":1122,"date":"2021-02-05T12:08:12","date_gmt":"2021-02-05T11:08:12","guid":{"rendered":"https:\/\/www.musica.at\/schmuck\/shop\/?post_type=product&#038;p=1122"},"modified":"2021-02-05T12:16:23","modified_gmt":"2021-02-05T11:16:23","slug":"silikonform-noten-fur-ihre-eigenen-musik-schmuckstucke","status":"publish","type":"product","link":"https:\/\/www.musica.at\/schmuck\/shop\/accessoires\/silikonform-noten-fur-ihre-eigenen-musik-schmuckstucke\/","title":{"rendered":"Silikonform Noten f\u00fcr Ihre eigenen Musik Schmuckst\u00fccke"},"content":{"rendered":"<p>1 St\u00fcck Silikonform f\u00fcr Ihre eigenen Musik Schmuckst\u00fccke<\/p>\n<p style=\"margin: 0.0px; padding: 0.0px; color: #000000; font-family: arial;\"><strong>Material:Silicone<\/strong><\/p>\n<p style=\"margin: 0.0px; padding: 0.0px; color: #000000; font-family: arial;\"><strong>Quantity: 1pcs<\/strong><\/p>\n<p style=\"margin: 0.0px; padding: 0.0px; color: #000000; font-family: arial;\"><strong>Condition: 100% Brand New<\/strong><\/p>\n<p>\n<img decoding=\"async\" src=\"https:\/\/ae01.alicdn.com\/kf\/HTB14emVEDJYBeNjy1zeq6yhzVXal.jpg\" alt=\"Silikonform Noten\" \/><br \/>\n<img decoding=\"async\" src=\"https:\/\/ae01.alicdn.com\/kf\/HTB1IKciEeSSBuNjy0Flq6zBpVXaL.jpg\" alt=\"Silikonform Noten\" \/><br \/>\n<img decoding=\"async\" src=\"https:\/\/ae01.alicdn.com\/kf\/HTB1NhThEgaTBuNjSszfq6xgfpXal.jpg\" alt=\"Silikonform Noten\" \/><br \/>\n<img decoding=\"async\" src=\"https:\/\/ae01.alicdn.com\/kf\/HTB104zpv8mWBuNkSndVq6AsApXaD.jpg\" alt=\"Silikonform Noten\" \/><\/p>\n","protected":false},"excerpt":{"rendered":"<p>Silikonform Musiknoten UV Resin Jewelry Liquid Silicone Mold Musical Note Lace Resin Charms Molds For DIY Intersperse Decorate Making Jewelry<br \/>\nAnbieter: <a href=\"https:\/\/www.musica.at\/ali\/store.php?s=2054001\" title=\"Mizukagami Official Store\" rel=\"nofollow\">Mizukagami Official Store<\/a><\/p>\n","protected":false},"featured_media":1098,"template":"","meta":[],"product_brand":[],"product_cat":[25],"product_tag":[31,30,122,27],"class_list":{"0":"post-1122","1":"product","2":"type-product","3":"status-publish","4":"has-post-thumbnail","6":"product_cat-accessoires","7":"product_tag-musiknoten","8":"product_tag-noten","9":"product_tag-notenschlussel","10":"product_tag-violinschlussel","12":"first","13":"instock","14":"sale","15":"shipping-taxable","16":"product-type-external"},"_links":{"self":[{"href":"https:\/\/www.musica.at\/schmuck\/wp-json\/wp\/v2\/product\/1122","targetHints":{"allow":["GET"]}}],"collection":[{"href":"https:\/\/www.musica.at\/schmuck\/wp-json\/wp\/v2\/product"}],"about":[{"href":"https:\/\/www.musica.at\/schmuck\/wp-json\/wp\/v2\/types\/product"}],"wp:featuredmedia":[{"embeddable":true,"href":"https:\/\/www.musica.at\/schmuck\/wp-json\/wp\/v2\/media\/1098"}],"wp:attachment":[{"href":"https:\/\/www.musica.at\/schmuck\/wp-json\/wp\/v2\/media?parent=1122"}],"wp:term":[{"taxonomy":"product_brand","embeddable":true,"href":"https:\/\/www.musica.at\/schmuck\/wp-json\/wp\/v2\/product_brand?post=1122"},{"taxonomy":"product_cat","embeddable":true,"href":"https:\/\/www.musica.at\/schmuck\/wp-json\/wp\/v2\/product_cat?post=1122"},{"taxonomy":"product_tag","embeddable":true,"href":"https:\/\/www.musica.at\/schmuck\/wp-json\/wp\/v2\/product_tag?post=1122"}],"curies":[{"name":"wp","href":"https:\/\/api.w.org\/{rel}","templated":true}]}}